 11*w**2 - w - 17. Let h(u) = g*x(u) - 4*k(u). Give h(5).
-4
Let n(h) = 3*h - 4. Let c be n(3). Suppose -5*u + u + 8 = -3*b, -5*b - 25 = c*u. Let k(o) = -o - 1. What is k(b)?
3
Let i = -13 + 18. Let f = 8 - 6. Let n(y) = 3*y**f + 11 - 4*y**2 - 6 + 5*y. Calculate n(i).
5
Let k = -27 + 24. Let s(l) = -4*l - 5. Let c(g) = -g - 1. Let d(a) = 5*c(a) - s(a). Give d(k).
3
Let k(q) be the second derivative of -q**4/6 - 2*q**3/3 - q**2/2 + 7*q. Suppose -2*o = -2*y + 4*y + 8, -o - 2*y - 5 = 0. Calculate k(o).
-7
Let n(g) = 4*g. Let l(t) = -3*t - 1. Let p(u) = -3*l(u) - 2*n(u). Calculate p(5).
8
Let f = 13 + -9. Suppose -26 = 5*y - f*j + 16, -2*y + 5*j - 27 = 0. Let d(c) = -c**3 - 7*c**2 - 7*c - 9. Give d(y).
-3
Let u be (-13 - -8)*2/5. Let q(w) = w**3 + 5*w**2 + w - 1. Calculate q(u).
9
Suppose -2*b = b - 24. Let t(m) = -b*m**2 + 2 + m**2 + 7*m + m**3 + m**2. Suppose -2*g + 5*v - 5 = 0, 0 = 3*g - g + v - 13. What is t(g)?
12
Let f(b) be the first derivative of -b**3/3 + b**2/2 + b + 2. Give f(0).
1
Let i(n) = n**3 - 18*n**2 - 2*n + 38. Let v be i(18). Let j(d) be the first derivative of -3 + 1/2*d**v - 2*d. Calculate j(0).
-2
Let o(p) = p**3 - 3*p**2 - 2*p + 3. Let d(u) = -3*u + 0 - u**3 - 4*u**2 - 1 + 5. Let w be d(-3). Give o(w).
11
Let n(t) be the third derivative of 0 + 3/8*t**4 - 2*t**2 + 0*t + 1/6*t**3 + 1/120*t**5. Let i(z) be the first derivative of n(z). Determine i(-4).
5
Let o(g) = 6*g - 81. Let s be o(13). Let y(v) = 3 - 2 - 2*v - v**2 - 2. Determine y(s).
-4
Let j(z) = 1. Let r(f) = f**2 - 5*f + 3. Let x(k) = -2*j(k) - r(k). Calculate x(5).
-5
Suppose -5*n = 5*x - 30, 10 = x + 4*n + 1. Let u = x - 2. Let k(m) = m - m**3 - 4 - 3*m**2 + u*m - 1 + 6*m**2. Give k(4).
-5
Suppose 2*y - 1 = 4*m + 5, 3*m - 28 = -5*y. Let d(b) be the second derivative of -4*b**3/3 - 6*b. Determine d(m).
-8
Let z(f) = -3*f**2 + f + 1. Let j be z(-1). Let q(s) be the second derivative of -s**4/12 - s**3/2 - 3*s**2/2 + s. Calculate q(j).
-3
Let q(r) = -r + 5. Let u be 4/12*(-3 - -5*3). Calculate q(u).
1
Let g(l) be the third derivative of 2/15*l**5 + 0*l**4 + 0*l**3 + 0*l - 4*l**2 + 0. Give g(-1).
8
Let j be (-57)/(-6) + 2/(-4). Let i(q) = 11*q**2 + q - 10. Let t(r) = -5*r**2 + 5. Let m(s) = j*t(s) + 4*i(s). Suppose 6 + 4 = 2*n. Calculate m(n).
0
Let w = 1 - -3. Let u = 7 - w. Let j(k) = -k + u + 2*k + 0. Give j(-2).
1
Let n(l) = 2*l + 5. Let q(i) = -i - 10. Let z be q(-1). What is n(z)?
-13
Let d(n) = -11*n**2 + 2*n - 1. Let i(t) = -2 + 2*t + 3 + 12*t**2 - 4*t. Let w(u) = 5*d(u) + 4*i(u). What is w(1)?
-6
Let u(k) = 5*k + 5. Suppose 12 = -0*x - 3*x. Calculate u(x).
-15
Suppose -3*r + h = -r - 15, -4*h + 4 = 0. Suppose -2*u + 2*t - 2 = 0, 5*t = 4*u + 2*t + r. Let p(a) = a**2 + 4*a - 3. Calculate p(u).
2
Let p(k) = -4 - 2*k - k + 5*k + 2. Let q be ((-3)/(-2) + -2)*-6. Give p(q).
4
Let z(k) = -5*k - 3 - k**2 - 8 + 6. Calculate z(-4).
-1
Let d(c) = -5*c**2 + 1 - c**3 + 3 - 2*c**2 - 5*c. What is d(-5)?
-21
Let p(j) = -5*j**2 - 1 + 5 + 0*j**3 - j**3. Suppose 2*a - 21 = -31. Give p(a).
4
Suppose -7 = -3*w + 5. Let i(j) = -15*j**2 - 5*j + 3. Let s(p) = 7*p**2 + 2*p - 1. Let l(g) = 6*i(g) + 13*s(g). Give l(w).
5
Let f(n) = n**3 + 5*n**2 + 2*n + 6. Let g be 2/12 + 267/18. Let b = 10 - g. What is f(b)?
-4
Let h(u) = -u**3 - 13*u**2 - 6. Let m be h(-13). Let n(s) = s**2 + 5*s - 7. Calculate n(m).
-1
Let d(r) = r + 5 + 5*r - 7*r. Let n be d(9). Let c(x) = x**3 + 3*x**2 + 7*x - 3*x - 5 + 2*x**2. Give c(n).
-5
Suppose 0 = 3*l - 0*m - 5*m - 33, -m - 3 = 0. Let i(c) = c + 3. Let o(p) = -4*p - 12. Let f(r) = l*o(r) + 26*i(r). Determine f(-4).
-2
Let x(b) = -b**3 + 2*b - 3*b**2 - 2*b + 2 - 2*b + b**2. Calculate x(-2).
6
Let h(w) be the third derivative of w**6/360 - w**5/60 - w**4/6 - w**3/2 - 4*w**2. Let g(a) be the first derivative of h(a). Give g(4).
4
Let n = 5 - 0. Let p(z) = z**3 - 5*z**2 - z + 0*z**3 + 3*z - n. Determine p(5).
5
Let k(w) = -6*w - 4. Let o(s) = -7*s - 5. Let t(z) = 6*k(z) - 5*o(z). Let q(a) = a - 6. Let r be q(6). Calculate t(r).
1
Let h(s) = -5*s**3 + s**2 - 10*s. Let c(u) = -9*u**3 + u**2 - 19*u + 1. Let t(d) = 6*c(d) - 11*h(d). Calculate t(5).
-14
Suppose -6 = -3*f + 3. Let x(h) = -8 + h + 8 + 7. Let p(o) = 6*o + 36. Let q(w) = -4*p(w) + 21*x(w). Give q(f).
-6
Let z(n) = -n**2 - 7*n - 7. Let l(b) = -2*b + 5. Let q be l(5). Let h = -1 + q. Determine z(h).
-1
Let u(o) = -10*o + 1. Let a(w) = 12*w - 2. Let r(g) = 4*a(g) + 5*u(g). What is r(2)?
-7
Let c(v) = -v**3 + 3*v**2 - 2*v + 3. Let f(m) = -5 + 1 - 4*m + m**3 + 4*m**2 + 0*m**2. Let g be f(-3). Suppose -p = -2*h + 8, 3*p + 3*h = 2*p + g. Give c(p).
3
Let i(b) = -2*b**2 - b**3 - 4*b**2 - 4*b + 1 + 0. Let k(g) = g**3 + 11*g**2 - 12*g - 5. Let s be k(-12). Calculate i(s).
-4
Suppose -5*m + 10 = 5*d, -7*d + 3*d = 5*m - 7. Let v(p) be the second derivative of p**3 - 283*p. Give v(m).
-6
Let n(r) = 3*r**3 - 17*r**2 - 7*r + 11. Let u(i) = -4*i**3 + 25*i**2 + 10*i - 16. Let p(s) = 7*n(s) + 5*u(s). Calculate p(-6).
-9
Suppose 20 = 11*f - 6*f. Let u(z) = z**2 - 3*z - 1. Calculate u(f).
3
Let s(t) = -t - 7. Let z be (64/24)/(2/(-6)). Suppose 2*q - 5*q = -12. Let g = q + z. Determine s(g).
-3
Let i(c) be the third derivative of -c**5/120 + 5*c**4/24 + 5*c**3/6 + 2*c**2. Let u(w) be the first derivative of i(w). What is u(5)?
0
Suppose -a + 5*l = -5*a - 13, -14 = -3*a + l. Let f(u) = -u**3 + 4*u**2 + 3 + 2*u**a - 4*u**2 - 5*u**2. Calculate f(5).
3
Let y(u) = 3*u + 2. Let z(a) = -2 - 6*a + 4*a - 4 + 4*a. Let p be z(4). What is y(p)?
8
Let z(l) = -l**3 - 6*l**2 + 6*l - 4. Suppose -28 = a + 3*a. Calculate z(a).
3
Suppose -x + 4*l + 2 = l, 4*l + 4 = 0. Let j(h) = 2*h**2. Give j(x).
2
Let a(m) = m**3 - 7*m**2 - 9*m + 12. Let x be a(8). Suppose 0*f - 2*f = 0, 0 = -4*j + x*f + 4. Let y(l) = l + 6 + l - j. What is y(-4)?
-3
Suppose 5*l + k - 8 = 0, 2*l - 5*k = 6*l + 2. Let r(a) = -a - 28. Let b(h) = 9. Let i(y) = l*r(y) + 7*b(y). Calculate i(5).
-3
Let i = 15 + -12. Let x(s) = s + i*s + 1 - 5*s + 5*s. Let v = 0 + -1. Give x(v).
-3
Let z(o) = o**2 + 6*o - 4. Let k = 10 - 9. Suppose 3*n - 3*g + 7*g = 6, 15 = -5*g. Let p = k - n. What is z(p)?
-9
Suppose 15*c = 16*c + 2. Let p(y) = 2 - y - 4*y**2 + y**2 + 0*y**2. Calculate p(c).
-8
Let k(s) = 2*s - 1. Suppose 0 = n - 2 + 1. Give k(n).
1
Let c(b) = b**2 - b - 1. Let v be c(3). Let g(n) = n - 7. What is g(v)?
-2
Let n(a) be the second derivative of a**3/6 - a**2 + a. Let f = -74 + 72. Give n(f).
-4
Let w(v) = v**3 + 6*v**2 - 6*v - 4. Suppose -5*n - 4 = 2*z, 4*n - 2 = -z - 1. Give w(z).
-11
Let j(t) = -7*t - 3. Let w(s) = s. Let u(a) = j(a) + 5*w(a). Calculate u(-3).
3
Let l(p) = 10*p + 22. Let x(s) = -5*s - 12 - 2*s - 3. Let c(q) = -5*l(q) - 7*x(q). What is c(0)?
-5
Let i(t) be the third derivative of t**5/60 + t**4/3 + t**3 - t**2. Let y = 1 - 7. Determine i(y).
-6
Let q be 2/8 + (-15)/(-4). Suppose -u - q = -2*u. Let n(w) = w**2 - 5*w - 2. What is n(u)?
-6
Let p be -16*(-5)/10 - 3. Let j(n) = n + 3. Determine j(p).
8
Let g = 18 + -15. Let o(z) = z - 3. Give o(g).
0
Let u(b) = b + 1. Let o(t) = -3*t + 3. Let g be o(3). Let n(s) = s**3 + 6*s**2 - s - 10. Let f(q) = g*u(q) - n(q). Give f(-5).
4
Let d(i) = -3*i + 7. Let b(x) = -2*x**3 - 3*x**2 - 3*x - 4. Let m be b(-2). Determine d(m).
-11
Let c(h) = -4 + 4 + 12*h. Let r = 37 + -38. Calculate c(r).
-12
Let r(j) = -6*j + 6. Let t be r(1). Let g(l) = -2*l + 2*l**2 - 6 - 3*l**2 + l. Determine g(t).
-6
Let s(c) be the second derivative of 0 + 1/3*c**3 + c + 2*c**2. Suppose 2*i = 3*b + 19, 2*i - 25 = -7*b + 12*b. Give s(b).
-2
Let z(s) = -s**2 - 3*s - 2. Let c be z(-2). Let q be 4 - ((-1)/(-1) + c). Let j(i) = -5*i - i**2 + 3 - q + 5. Determine j(-5).
5
Let l(n) = -n**3 - 7*n**2 + n + 6. Let q be l(-7). Let u(j) = 21*j. Give u(q).
-21
Let k(v) = 10*v**2. Let q(n) = 2 - 3*n**2 - n**3 + 4*n + 1 - 2. Let w be q(-4). Give k(w).
10
Let a(h) = 2*h**3 + h**2 - 2*h + 1. Let w be a(1). Let b = -14 - -16. Let r(u) = b*u**2 + u**2 - 4*u**2 - u - 2 + 4. Calculate r(w).
-4
Let t(r) = r**3 - 7*r**2 + 4*r - 4. Let o(j) = 2*j**3 - 13*j**2 + 7*j - 7. Let m(y) = -3*o(y) + 5*t(y). Calculate m(4).
-3
Let j = 8 - 5. Suppose -5*v - 34 = -4*o - 13, 5*v - j*o = -17. Let s(n) = 6*n**2 + 3. Let z(f) = -f**2 - 1. Let x(l) = 2*s(l) + 6*z(l). What is x(v)?
6
Let q(w)